{"id":11,"date":"2024-11-21T16:33:32","date_gmt":"2024-11-21T15:33:32","guid":{"rendered":"https:\/\/ecomusee-metres-bois.fr\/?page_id=11"},"modified":"2024-12-10T11:55:00","modified_gmt":"2024-12-10T10:55:00","slug":"accueil","status":"publish","type":"page","link":"https:\/\/ecomusee-metres-bois.fr\/","title":{"rendered":"Bienvenue&#8230;"},"content":{"rendered":"\t\t<div data-elementor-type=\"wp-page\" data-elementor-id=\"11\" class=\"elementor elementor-11\">\n\t\t\t\t<div class=\"elementor-element elementor-element-64381ebe e-flex e-con-boxed e-con e-parent\" data-id=\"64381ebe\" data-element_type=\"container\">\n\t\t\t\t\t<div class=\"e-con-inner\">\n\t\t\t\t<div class=\"elementor-element elementor-element-1cced431 elementor-widget elementor-widget-text-editor\" data-id=\"1cced431\" data-element_type=\"widget\" data-widget_type=\"text-editor.default\">\n\t\t\t\t<div class=\"elementor-widget-container\">\n\t\t\t\t\t\t\t<p><!-- wp:paragraph {\"style\":{\"elements\":{\"link\":{\"color\":{\"text\":\"var:preset|color|black\"}}}},\"textColor\":\"black\"} --><\/p>\n<p class=\"has-black-color has-text-color has-link-color\">\u00e0 l&rsquo;\u00e9comus\u00e9e du m\u00e8tre en bois.<\/p>\n<p><!-- \/wp:paragraph --><!-- wp:paragraph {\"style\":{\"elements\":{\"link\":{\"color\":{\"text\":\"var:preset|color|black\"}}}},\"textColor\":\"black\"} --><\/p>\n<p class=\"has-black-color has-text-color has-link-color\">Son histoire d\u00e9bute le 11 juillet 2011 \u00e0 la fermeture de la derni\u00e8re usine fran\u00e7aise de fabrication de m\u00e8tres en bois.<\/p>\n<p><!-- \/wp:paragraph --><!-- wp:paragraph {\"style\":{\"elements\":{\"link\":{\"color\":{\"text\":\"var:preset|color|black\"}}}},\"textColor\":\"black\"} --><\/p>\n<p class=\"has-black-color has-text-color has-link-color\">C&rsquo;\u00e9tait la fin d&rsquo;une \u00e9poque pour Ville-sous-la-Fert\u00e9, depuis deux si\u00e8cles \u00ab\u00a0capitale du m\u00e8tre en bois\u00a0\u00bb.<\/p>\n<p><!-- \/wp:paragraph --><!-- wp:image {\"id\":147,\"aspectRatio\":\"4\/3\",\"scale\":\"contain\",\"sizeSlug\":\"full\",\"linkDestination\":\"none\",\"className\":\"is-style-sydney-rounded\",\"style\":{\"color\":{}}} --><\/p>\n<figure class=\"wp-block-image size-full is-style-sydney-rounded\"><img fetchpriority=\"high\" decoding=\"async\" width=\"1536\" height=\"2048\" class=\"wp-image-147\" style=\"aspect-ratio: 4\/3; object-fit: contain;\" src=\"https:\/\/ecomusee-metres-bois.fr\/wp-content\/uploads\/2024\/11\/PanneauEntreeVille.jpeg\" alt=\"\" srcset=\"https:\/\/ecomusee-metres-bois.fr\/wp-content\/uploads\/2024\/11\/PanneauEntreeVille.jpeg 1536w, https:\/\/ecomusee-metres-bois.fr\/wp-content\/uploads\/2024\/11\/PanneauEntreeVille-225x300.jpeg 225w, https:\/\/ecomusee-metres-bois.fr\/wp-content\/uploads\/2024\/11\/PanneauEntreeVille-768x1024.jpeg 768w, https:\/\/ecomusee-metres-bois.fr\/wp-content\/uploads\/2024\/11\/PanneauEntreeVille-1152x1536.jpeg 1152w, https:\/\/ecomusee-metres-bois.fr\/wp-content\/uploads\/2024\/11\/PanneauEntreeVille-1000x1333.jpeg 1000w, https:\/\/ecomusee-metres-bois.fr\/wp-content\/uploads\/2024\/11\/PanneauEntreeVille-230x307.jpeg 230w, https:\/\/ecomusee-metres-bois.fr\/wp-content\/uploads\/2024\/11\/PanneauEntreeVille-350x467.jpeg 350w, https:\/\/ecomusee-metres-bois.fr\/wp-content\/uploads\/2024\/11\/PanneauEntreeVille-480x640.jpeg 480w\" sizes=\"(max-width: 1536px) 100vw, 1536px\" \/><\/figure>\n<p><!-- \/wp:image --><!-- wp:code {\"textColor\":\"black\"} --><\/p>\n<pre class=\"wp-block-code has-black-color has-text-color\"><code><\/code><\/pre>\n<div align=\"justify\">Lors de la vente publique, la municipalit\u00e9 ach\u00e8te toutes les machines et plusieurs lots de produits finis. Sur proposition du maire, un projet de mus\u00e9e est lanc\u00e9 sous forme associative le 12 avril 2012.<\/div>\n<div align=\"justify\">\u00a0<\/div>\n<div align=\"justify\">Une initiative collective pour entretenir la m\u00e9moire et la fiert\u00e9 d&rsquo;un pass\u00e9 ouvrier.<\/div>\n<div align=\"justify\">\u00a0<\/div>\n<div align=\"justify\">C&rsquo;est ce mus\u00e9e que vous pr\u00e9sente ce site, pour vous donner l&rsquo;envie de d\u00e9couvrir ce pan encore trop m\u00e9connu de notre patrimoine local.<code>\n<\/code><\/div>\n<p><!-- \/wp:code --><!-- wp:paragraph --><\/p>\n<p><!-- \/wp:paragraph --><\/p>\t\t\t\t\t\t<\/div>\n\t\t\t\t<\/div>\n\t\t\t\t\t<\/div>\n\t\t\t\t<\/div>\n\t\t<div class=\"elementor-element elementor-element-65e22b3 e-flex e-con-boxed e-con e-parent\" data-id=\"65e22b3\" data-element_type=\"container\">\n\t\t\t\t\t<div class=\"e-con-inner\">\n\t\t\t\t<div class=\"elementor-element elementor-element-9508cc8 elementor-widget elementor-widget-text-editor\" data-id=\"9508cc8\" data-element_type=\"widget\" data-widget_type=\"text-editor.default\">\n\t\t\t\t<div class=\"elementor-widget-container\">\n\t\t\t\t\t\t\t<p>Tous les renseignements pratiques sur la page <a href=\"https:\/\/ecomusee-metres-bois.fr\/index.php\/en-visite\/\" target=\"_blank\" rel=\"noopener\">En visite&#8230;.<\/a><\/p>\t\t\t\t\t\t<\/div>\n\t\t\t\t<\/div>\n\t\t\t\t\t<\/div>\n\t\t\t\t<\/div>\n\t\t<div class=\"elementor-element elementor-element-1c92c2c e-flex e-con-boxed e-con e-parent\" data-id=\"1c92c2c\" data-element_type=\"container\">\n\t\t\t\t\t<div class=\"e-con-inner\">\n\t\t\t\t<div class=\"elementor-element elementor-element-7ad9334 elementor-widget elementor-widget-text-editor\" data-id=\"7ad9334\" data-element_type=\"widget\" data-widget_type=\"text-editor.default\">\n\t\t\t\t<div class=\"elementor-widget-container\">\n\t\t\t\t\t\t\t<p>Et si vous n&rsquo;avez que peu de temps, prenez quelques minutes pour regarder cette pr\u00e9sentation de\u00a0<span style=\"text-decoration: underline;\"><em>Ville-sous-la-Fert\u00e9, capitale du m\u00e8tre en bois<\/em><\/span><span style=\"text-decoration: underline;\">,\u00a0<\/span>r\u00e9alis\u00e9e par l&rsquo;association 10200 Z&rsquo;Images dans le cadre d&rsquo;un projet de m\u00e9diation culturelle et artistique appuy\u00e9 par la DRAC Champagre-Ardenne.<\/p>\t\t\t\t\t\t<\/div>\n\t\t\t\t<\/div>\n\t\t\t\t\t<\/div>\n\t\t\t\t<\/div>\n\t\t<div class=\"elementor-element elementor-element-1099df3 e-flex e-con-boxed e-con e-parent\" data-id=\"1099df3\" data-element_type=\"container\">\n\t\t\t\t\t<div class=\"e-con-inner\">\n\t\t\t\t<div class=\"elementor-element elementor-element-a936529 elementor-widget elementor-widget-video\" data-id=\"a936529\" data-element_type=\"widget\" data-settings=\"{&quot;youtube_url&quot;:&quot;https:\\\/\\\/youtu.be\\\/GX9LecewWII&quot;,&quot;video_type&quot;:&quot;youtube&quot;,&quot;controls&quot;:&quot;yes&quot;}\" data-widget_type=\"video.default\">\n\t\t\t\t<div class=\"elementor-widget-container\">\n\t\t\t\t\t<div class=\"elementor-wrapper elementor-open-inline\">\n\t\t\t<div class=\"elementor-video\"><\/div>\t\t<\/div>\n\t\t\t\t<\/div>\n\t\t\t\t<\/div>\n\t\t\t\t\t<\/div>\n\t\t\t\t<\/div>\n\t\t\t\t<\/div>\n\t\t","protected":false},"excerpt":{"rendered":"<p>\u00e0 l&rsquo;\u00e9comus\u00e9e du m\u00e8tre en bois. Son histoire d\u00e9bute le 11 juillet 2011 \u00e0 la fermeture de la derni\u00e8re usine fran\u00e7aise de [&hellip;]<\/p>\n","protected":false},"author":1,"featured_media":0,"parent":0,"menu_order":0,"comment_status":"closed","ping_status":"closed","template":"","meta":{"footnotes":""},"class_list":["post-11","page","type-page","status-publish","hentry"],"_links":{"self":[{"href":"https:\/\/ecomusee-metres-bois.fr\/index.php\/wp-json\/wp\/v2\/pages\/11","targetHints":{"allow":["GET"]}}],"collection":[{"href":"https:\/\/ecomusee-metres-bois.fr\/index.php\/wp-json\/wp\/v2\/pages"}],"about":[{"href":"https:\/\/ecomusee-metres-bois.fr\/index.php\/wp-json\/wp\/v2\/types\/page"}],"author":[{"embeddable":true,"href":"https:\/\/ecomusee-metres-bois.fr\/index.php\/wp-json\/wp\/v2\/users\/1"}],"replies":[{"embeddable":true,"href":"https:\/\/ecomusee-metres-bois.fr\/index.php\/wp-json\/wp\/v2\/comments?post=11"}],"version-history":[{"count":28,"href":"https:\/\/ecomusee-metres-bois.fr\/index.php\/wp-json\/wp\/v2\/pages\/11\/revisions"}],"predecessor-version":[{"id":458,"href":"https:\/\/ecomusee-metres-bois.fr\/index.php\/wp-json\/wp\/v2\/pages\/11\/revisions\/458"}],"wp:attachment":[{"href":"https:\/\/ecomusee-metres-bois.fr\/index.php\/wp-json\/wp\/v2\/media?parent=11"}],"curies":[{"name":"wp","href":"https:\/\/api.w.org\/{rel}","templated":true}]}}

<div data-elementor-type="wp-page" data-elementor-id="11" class="elementor elementor-11">
				<div class="elementor-element elementor-element-64381ebe e-flex e-con-boxed e-con e-parent" data-id="64381ebe" data-element_type="container">
					<div class="e-con-inner">
				<div class="elementor-element elementor-element-1cced431 elementor-widget elementor-widget-text-editor" data-id="1cced431" data-element_type="widget" data-widget_type="text-editor.default">
				<div class="elementor-widget-container">
							<p><!-- wp:paragraph {"style":{"elements":{"link":{"color":{"text":"var:preset|color|black"}}}},"textColor":"black"} --></p>
<p class="has-black-color has-text-color has-link-color">à l&rsquo;écomusée du mètre en bois.</p>
<p><!-- /wp:paragraph --><!-- wp:paragraph {"style":{"elements":{"link":{"color":{"text":"var:preset|color|black"}}}},"textColor":"black"} --></p>
<p class="has-black-color has-text-color has-link-color">Son histoire débute le 11 juillet 2011 à la fermeture de la dernière usine française de fabrication de mètres en bois.</p>
<p><!-- /wp:paragraph --><!-- wp:paragraph {"style":{"elements":{"link":{"color":{"text":"var:preset|color|black"}}}},"textColor":"black"} --></p>
<p class="has-black-color has-text-color has-link-color">C&rsquo;était la fin d&rsquo;une époque pour Ville-sous-la-Ferté, depuis deux siècles « capitale du mètre en bois ».</p>
<p><!-- /wp:paragraph --><!-- wp:image {"id":147,"aspectRatio":"4/3","scale":"contain","sizeSlug":"full","linkDestination":"none","className":"is-style-sydney-rounded","style":{"color":{}}} --></p>
<figure class="wp-block-image size-full is-style-sydney-rounded"><img fetchpriority="high" decoding="async" width="1536" height="2048" class="wp-image-147" style="aspect-ratio: 4/3; object-fit: contain;" src="https://ecomusee-metres-bois.fr/wp-content/uploads/2024/11/PanneauEntreeVille.jpeg" alt="" srcset="https://ecomusee-metres-bois.fr/wp-content/uploads/2024/11/PanneauEntreeVille.jpeg 1536w, https://ecomusee-metres-bois.fr/wp-content/uploads/2024/11/PanneauEntreeVille-225x300.jpeg 225w, https://ecomusee-metres-bois.fr/wp-content/uploads/2024/11/PanneauEntreeVille-768x1024.jpeg 768w, https://ecomusee-metres-bois.fr/wp-content/uploads/2024/11/PanneauEntreeVille-1152x1536.jpeg 1152w, https://ecomusee-metres-bois.fr/wp-content/uploads/2024/11/PanneauEntreeVille-1000x1333.jpeg 1000w, https://ecomusee-metres-bois.fr/wp-content/uploads/2024/11/PanneauEntreeVille-230x307.jpeg 230w, https://ecomusee-metres-bois.fr/wp-content/uploads/2024/11/PanneauEntreeVille-350x467.jpeg 350w, https://ecomusee-metres-bois.fr/wp-content/uploads/2024/11/PanneauEntreeVille-480x640.jpeg 480w" sizes="(max-width: 1536px) 100vw, 1536px" /></figure>
<p><!-- /wp:image --><!-- wp:code {"textColor":"black"} --></p>
<pre class="wp-block-code has-black-color has-text-color"><code></code></pre>
<div align="justify">Lors de la vente publique, la municipalité achète toutes les machines et plusieurs lots de produits finis. Sur proposition du maire, un projet de musée est lancé sous forme associative le 12 avril 2012.</div>
<div align="justify"> </div>
<div align="justify">Une initiative collective pour entretenir la mémoire et la fierté d&rsquo;un passé ouvrier.</div>
<div align="justify"> </div>
<div align="justify">C&rsquo;est ce musée que vous présente ce site, pour vous donner l&rsquo;envie de découvrir ce pan encore trop méconnu de notre patrimoine local.<code>
</code></div>
<p><!-- /wp:code --><!-- wp:paragraph --></p>
<p><!-- /wp:paragraph --></p>						</div>
				</div>
					</div>
				</div>
		<div class="elementor-element elementor-element-65e22b3 e-flex e-con-boxed e-con e-parent" data-id="65e22b3" data-element_type="container">
					<div class="e-con-inner">
				<div class="elementor-element elementor-element-9508cc8 elementor-widget elementor-widget-text-editor" data-id="9508cc8" data-element_type="widget" data-widget_type="text-editor.default">
				<div class="elementor-widget-container">
							<p>Tous les renseignements pratiques sur la page <a href="https://ecomusee-metres-bois.fr/index.php/en-visite/" target="_blank" rel="noopener">En visite&#8230;.</a></p>						</div>
				</div>
					</div>
				</div>
		<div class="elementor-element elementor-element-1c92c2c e-flex e-con-boxed e-con e-parent" data-id="1c92c2c" data-element_type="container">
					<div class="e-con-inner">
				<div class="elementor-element elementor-element-7ad9334 elementor-widget elementor-widget-text-editor" data-id="7ad9334" data-element_type="widget" data-widget_type="text-editor.default">
				<div class="elementor-widget-container">
							<p>Et si vous n&rsquo;avez que peu de temps, prenez quelques minutes pour regarder cette présentation de <span style="text-decoration: underline;"><em>Ville-sous-la-Ferté, capitale du mètre en bois</em></span><span style="text-decoration: underline;">, </span>réalisée par l&rsquo;association 10200 Z&rsquo;Images dans le cadre d&rsquo;un projet de médiation culturelle et artistique appuyé par la DRAC Champagre-Ardenne.</p>						</div>
				</div>
					</div>
				</div>
		<div class="elementor-element elementor-element-1099df3 e-flex e-con-boxed e-con e-parent" data-id="1099df3" data-element_type="container">
					<div class="e-con-inner">
				<div class="elementor-element elementor-element-a936529 elementor-widget elementor-widget-video" data-id="a936529" data-element_type="widget" data-settings="{&quot;youtube_url&quot;:&quot;https:\/\/youtu.be\/GX9LecewWII&quot;,&quot;video_type&quot;:&quot;youtube&quot;,&quot;controls&quot;:&quot;yes&quot;}" data-widget_type="video.default">
				<div class="elementor-widget-container">
					<div class="elementor-wrapper elementor-open-inline">
			<div class="elementor-video"></div>		</div>
				</div>
				</div>
					</div>
				</div>
				</div>

<p>à l&rsquo;écomusée du mètre en bois. Son histoire débute le 11 juillet 2011 à la fermeture de la dernière usine française de [&hellip;]</p>
